 9*q(z) - 2*s(z). Is t(11) a prime number?
False
Suppose 4*a + 5*a = 0. Suppose a = 16*u - 8*u - 150296. Is u composite?
False
Suppose 5*d - 21 = 3*k, 0*d - 10 = -4*d - k. Let g(l) = 3*l + 17 - 4*l + d*l**2 + 7*l - 3*l. Is g(10) prime?
True
Suppose -38*j - 323064 = -42*j + 2*r, -2*j + 5*r + 161524 = 0. Is j a prime number?
False
Let n be 36/(-6) - -9 - -1. Is ((-5049)/2 + -1)/((-2)/n) prime?
True
Let y(j) = 7*j**2 - 120*j**3 + 9*j - 440*j**3 - 75*j**3 + 2. Is y(-1) composite?
True
Let m = 48702 + -82189. Let a = -6726 - m. Is a a prime number?
False
Let f = -78 + 76. Let b(q) = 331*q**2 + 2. Let n be b(f). Suppose 3*l - 12 = 0, 5*m - n = -l + 263. Is m a prime number?
True
Let x be 1*(-6 + 119/(-7)). Let m(a) = 16*a**2 - 11*a - 26. Is m(x) a prime number?
False
Suppose -j - 130*o + 129*o = -14473, -4*j + 57946 = -5*o. Is j prime?
True
Suppose 39*i - 1041525 = 34*i - 5*o, o = -5*i + 1041517. Is i composite?
True
Let r(l) = 36*l**2 - 5*l - 4. Let x(k) = k. Let h(v) = r(v) + 2*x(v). Let w be h(-2). Let m = 307 - w. Is m composite?
True
Let w(x) = 35973*x + 77. Is w(2) a composite number?
True
Let s = -102 - -70. Let p = s + 39. Is 194 - 7/(p/3) prime?
True
Let b = -258663 + 602896. Is b a prime number?
False
Suppose -4*t + 2 + 2 = -4*q, 0 = 5*q + 3*t - 11. Suppose n + 0 = 3*u + q, -u - 2*n - 12 = 0. Let s(f) = -44*f**3 + f**2 + 5*f + 1. Is s(u) prime?
True
Let d = 58 + -67. Let j = d - -12. Suppose -268 = -2*s - k + 239, 250 = s - j*k. Is s a composite number?
True
Let u be (1/2)/((-4)/24) + -4. Let v be (-833)/(-63) + u + 4/(-18). Is (-1)/(-2)*v + 4 + 462 a composite number?
True
Suppose -2*o + 1029 + 79 = 2*i, -4*i + 3*o = -2195. Let v = -634 - -300. Let z = i + v. Is z a composite number?
True
Let x(a) be the first derivative of -a**4/4 + a**3/3 - 5*a**2/2 + 3*a + 15. Let f be x(-11). Let d = f - 877. Is d composite?
True
Suppose d - 3*p + 17 = 18, 32 = 4*d + 2*p. Suppose d*o - 419 = -146. Is o composite?
True
Is (-27418)/7*(-5635)/70 prime?
False
Let c be (3/((-18)/4))/(2/(-33)). Let j be (0/1)/(-12 + c). Suppose 4*m + 3*d - 1040 = 4*d, -m - 2*d + 251 = j. Is m a prime number?
False
Let m be (-3)/2*(-6)/(24/8). Let b(j) = 58*j**3 - 4*j**2 + 13. Is b(m) a prime number?
True
Suppose -280*k + 14305101 + 79110376 = -11030403. Is k prime?
False
Let x be (-301)/(-4) - (-7)/(-28). Let f = x + -65. Suppose -f*w + 13*w - 3567 = 0. Is w a composite number?
True
Suppose 54*m = 52*m + 144. Let l = 75 - m. Is (-38)/12 + l + 37958/12 a composite number?
False
Let d = 111351 + -68485. Is d a composite number?
True
Let a(v) = -3822*v + 7587. Is a(-53) a composite number?
True
Suppose 0 = l - 4*l + 357. Let x = 2041 + -1989. Let k = l - x. Is k a prime number?
True
Let u(w) = -85*w**2 - 2. Let y be u(3). Suppose -15*x + 10835 = -17935. Let v = x + y. Is v prime?
True
Suppose -5*z - 1399980 = -5*r, -3*r + 4*z = -928919 + 88932. Is r a prime number?
False
Let r = -1300 - -770. Is ((11 + -2)/18)/((-1)/r) a prime number?
False
Suppose -r + 3*d = -18, -r + 3*r - 3*d - 21 = 0. Let z(l) = 1717*l**3 - 4*l**2 - l + 7. Is z(r) a prime number?
True
Suppose 0 = -0*h - 5*h + 5*g - 430, -g = -2. Let q = 37 - h. Suppose 32*t - 31*t = q. Is t a prime number?
False
Let f = -8282 - -13273. Let v = -4138 + 4143. Suppose 2*m - 6*m - t = -f, -m + v*t = -1274. Is m composite?
False
Suppose -5*b + 1566 = 4*v, -v + 189 = b - 202. Suppose 35025 = 2*y - v. Is y prime?
True
Suppose -a + 0 = -5. Let o be (a + 112)*94/6. Suppose -5*i + 2152 = -o. Is i a composite number?
False
Suppose -3*z + 2*z + 4 = 0. Suppose 26236 = -0*x + 2*x - i, -z*x - 4*i + 52472 = 0. Suppose -24*v + x = -10*v. Is v a prime number?
True
Suppose n - 2*j = -2, 0 + 3 = -3*n + 5*j. Suppose 0 = n*a - 11*a + 35. Suppose -2*t + 4299 = 5*x - 6*t, -t = a*x - 4319. Is x composite?
False
Let r = 167326 + -51843. Is r a composite number?
True
Let f(x) = -7*x - 25. Let r(z) = -3*z - 12. Let w(m) = 2*f(m) - 5*r(m). Let i be w(-6). Is 0*((-2)/i)/(-1) - -274 a composite number?
True
Let t(w) = -w**3 - 3*w**2 - 8*w + 10. Let o = 32 - 24. Suppose 13*m - o*m = -35. Is t(m) prime?
False
Is 271954/((-42)/945*9*(0 - 1)) composite?
True
Let r be -11 - -16 - (0 + 2). Suppose -r*z = -l + 43, -2*l + 4*l = -5*z - 79. Is (-1942)/(-4) + (2 - z/(-6)) a composite number?
True
Suppose 2*r = 5*i - 8618, 6896 = -i + 5*i - 2*r. Let d = i + -928. Suppose -2*o + 584 = -d. Is o prime?
False
Suppose -j + 1805 = 719. Let w = -3020 + j. Is 6*w*((-30)/(-8) - 4) composite?
True
Suppose 2*q = -2*k + 76222, 2*k + 27021 + 163548 = 5*q. Is q a prime number?
True
Let h = 1178373 + -665852. Is h a composite number?
False
Suppose -l - 34 = i - 0*l, 5*l - 10 = i. Let o(n) = n**3 + 39*n**2 + 26*n + 73. Is o(i) a composite number?
False
Let m(s) = -s**3 + 4*s**2 - 6*s + 12. Let v be m(3). Suppose o - 32202 = -v*o - 5*q, 5*o - 5*q = 40275. Is o a prime number?
True
Suppose 4*d + 2*j - 365964 = 0, -4*j = 2*d + j - 182966. Is d a prime number?
True
Is 320/(-2080) + (-3 - (-113884)/26) composite?
True
Let j = 20669 - 35755. Let d = -6619 - j. Is d a composite number?
False
Let r(z) be the first derivative of 119*z**3/3 - 7*z**2 + 103*z - 129. Is r(-10) a prime number?
True
Is 4/(-88) + (-49959345)/(-1122) prime?
False
Suppose 4*s - 36 = -4*j, 3*s - 31 + 0 = -4*j. Suppose -5*b + 70 = s*b. Suppose -b*k + 4623 = -410. Is k composite?
False
Let d(k) be the second derivative of k**4/12 - k**3 + 4747*k**2/2 - 51*k - 2. Is d(0) a composite number?
True
Suppose 0 = 5*b - 884 - 546. Suppose 4*p + 3*d = -5, 4*d - 198 = -178. Is b - (4 - (0 - p)) prime?
False
Suppose y = -122 + 577. Suppose -2*j = -3*p - 69 + 520, y = 3*p - 4*j. Is p a prime number?
True
Let i(w) = -145*w + 556. Let x be i(3). Suppose 4*b - 199 = -2*y - 3*y, -b + 31 = 5*y. Let a = x + b. Is a prime?
False
Let n(t) = -1432*t**2 + 64*t + 246. Let s be n(-4). Is s*((-21)/(-14) + -2) a prime number?
False
Let z(v) = 2*v**3 - v**2 + v + 9. Let o be z(0). Is 6/o*3369/2 a prime number?
True
Let i = -3396 - -6079. Is i composite?
False
Let s = 114 - 114. Suppose 26*v - 27*v + 1126 = s. Is v composite?
True
Let x(f) = 150605*f + 1732. Is x(3) prime?
False
Suppose 9*i - 365822 = -75216 + 1045273. Is i a prime number?
False
Suppose 5*d = -3*b - 35, 2*b - 6*d + d + 15 = 0. Let k be b/4*(-128)/80. Suppose n + n = -g + 933, k*g - 4*n - 3780 = 0. Is g a prime number?
True
Suppose 3*q + 164 = 7*q. Let s = q - 40. Let c(i) = 263*i**2 + 4*i - 5. Is c(s) a prime number?
False
Suppose 2*v = -10, 2*c - 7*c - 4*v = 10. Suppose c*x + 7532 = 3*x + t, x = 3*t + 7528. Is x composite?
True
Let l be 0 - (-5)/((-10)/8). Let y(w) = -294*w - 35. Is y(l) prime?
False
Let w = -9228 + 13067. Is w prime?
False
Let o(x) = -7*x - 20. Let m be o(-4). Let z = 13 - m. Suppose -3*v - 52 = -z*v. Is v composite?
True
Suppose 1006*n - 12105 = 1002*n + 3*b, 4*n + 3*b - 12111 = 0. Is n prime?
False
Let q(x) = 184*x**2 + 247*x**2 + 2 - x - 51*x**2. Let f be q(1). Suppose -6*u + 3*u + f = 0. Is u a composite number?
False
Let b be 6/2 - 368/(-8). Suppose 0 = -46*u + b*u - 8367. Is u composite?
False
Let z be (6/4*4)/2. Suppose -z*o - 4295 = -12266. Is o composite?
False
Let f be (-7 - 3)/((-2)/1)*3. Let g = 5184 + f. Is g prime?
False
Suppose 3*t = 5*x + 12, -2*t + 8 = 6*x - 3*x. Let k(r) = r**3 + r**2 - 608. Let g be k(x). Is g/(-3) + (-10)/(-30) a prime number?
False
Let z(i) = 183*i**3 - i**2 + 3*i - 1. Let s be -2*((-15)/(-6) - 1). Let l be (-1)/s*48/8. Is z(l) a prime number?
False
Let x(o) = o**2 + 85*o - 1369. Is x(51) prime?
False
Let f(y) = 133841*y - 69. Let d be f(3). Is ((-1)/3)/(3*(-2)/d) a prime number?
True
Suppose -5*c + 208604 = v - 20499, -5*c - 916512 = -4*v. Is v composite?
False
Suppose 22*a - 307933 - 519737 = -137618. Is a prime?
False
Suppose 3*h + 0*h = 15. Suppose 15 = 5*m - 0. Suppose -4*y + 3618 = h*c, -5*c - 3927 = -m*y - 1196. Is y a composite number?
False
Let f = -124468 - -180417. Is f prime?
True
Suppose -8 + 32 = 8*z. Suppose -22084 = -z*d - o + 3300, -d = -5*o - 8456. Is d prime?
True
Suppose -2*j - 2 + 6 = -n, 16 = 3*n + j. Suppose 0 = n*r + 8 - 20. Suppose r*t - 150 - 81 = 0. Is t composite?
True
Let a be 0 + -1 + 2/(-6)*-3. Suppose -5*s - o + 11633 = a, -4*s + 3*o + 2*o + 9289 = 0. Suppose 4*j + s = 6*j. Is j composi